113?
230312313
In base 8, what is 267551475 + 3?
267551500
In base 11, what is 29 - -2862a?
28658
In base 10, what is -4 + 1745552?
1745548
In base 13, what is 36123c + -8?
361234
In base 11, what is 529 + 7273?
77a1
In base 7, what is -1 - -161651653?
161651652
In base 15, what is 28c16 - bb6?
28050
In base 15, what is d6 + -6c5ea?
-6c514
In base 3, what is 1221 - -2211222222?
2212001220
In base 13, what is 2 + 16438bb5?
16438bb7
In base 8, what is 4170102 - 233?
4167647
In base 11, what is -8644 + 7122?
-1522
In base 10, what is -501 + -219849?
-220350
In base 16, what is -7b4 - -1f1d?
1769
In base 11, what is 30 - 700042?
-700012
In base 10, what is 5 + 664296?
664301
In base 5, what is 334342144 - 2314?
334334330
In base 6, what is 11542512 + 140?
11543052
In base 2, what is -1010010101111100100 + -10000110?
-1010010110001101010
In base 13, what is -152a + -4c?
-1579
In base 3, what is -2220022012000 + -112101?
-2220022201101
In base 13, what is -14b375c + 4?
-14b3758
In base 8, what is 140 + -3437254?
-3437114
In base 5, what is 11111204122032 + -1?
11111204122031
In base 8, what is -127160 - 121?
-127301
In base 16, what is 5ec4d7 - 8?
5ec4cf
In base 13, what is 35c97 + -20a?
35a8a
In base 8, what is 0 - 5577435?
-5577435
In base 9, what is 362722044 + 1?
362722045
In base 16, what is 4 - c53c4d?
-c53c49
In base 5, what is 23124234141 - -3?
23124234144
In base 11, what is 9267713 - 4?
926770a
In base 10, what is 204 + -463084?
-462880
In base 3, what is -20221120 + 21000100011?
20202101121
In base 5, what is -40313 - 13024321?
-13120134
In base 9, what is 44643 + 2170?
46823
In base 15, what is -55 - -a32c?
a2c7
In base 11, what is -2074a7 - 363?
-20785a
In base 5, what is 34301421431 + 3?
34301421434
In base 11, what is -180 - -1889932?
1889762
In base 16, what is 2e5697b + 4?
2e5697f
In base 5, what is -44441311 + 241?
-44441020
In base 5, what is 433 + 131110443?
131111431
In base 11, what is 28796 + 364?
2904a
In base 12, what is 11924b8 + 9?
1192505
In base 13, what is 7a - 18b5a?
-18ab0
In base 5, what is -10232 - 114220024?
-114230311
In base 4, what is 10212 + -2030131?
-2013313
In base 4, what is -211102 + 230221?
13113
In base 16, what is 223 + f560?
f783
In base 6, what is 4 - -3325100414?
3325100422
In base 15, what is 1 + 2b0b10?
2b0b11
In base 3, what is 22202212002101222 - 2?
22202212002101220
In base 16, what is f2 - ba51d?
-ba42b
In base 12, what is 1153a3 + 129?
115510
In base 5, what is -12013203 + -23012?
-12041220
In base 2, what is -110010111100111 - -100110100?
-110010010110011
In base 4, what is 13232202 - 2302?
13223300
In base 10, what is 20 - -377182?
377202
In base 15, what is -31a + 1d376?
1d05b
In base 5, what is 101240 - -14110?
120400
In base 15, what is -6 - -118128?
118122
In base 9, what is -162606 + -531?
-163237
In base 4, what is -1 + -13030211132?
-13030211133
In base 7, what is 11 - -4513656?
4514000
In base 7, what is 266 + 41563215?
41563514
In base 2, what is -10 - -11111001000010000010?
11111001000010000000
In base 5, what is 144 + -132042131?
-132041432
In base 3, what is 12110021012102 - -110?
12110021012212
In base 7, what is -1002212512 + -2?
-1002212514
In base 7, what is -41156355 - -1036?
-41155316
In base 2, what is -111000 + -10101100101110100100?
-10101100101111011100
In base 6, what is 3121 + -31012?
-23451
In base 3, what is 102102 + 22021222112?
22022101221
In base 4, what is 3303123 - 110312?
3132211
In base 11, what is -2 - -a96728a8?
a96728a6
In base 2, what is 101001101010011000101001 + -100?
101001101010011000100101
In base 3, what is -112102211111121012 - -10?
-112102211111121002
In base 2, what is -11 + -1100101011101010011001010?
-1100101011101010011001101
In base 11, what is -1 - 74a4640?
-74a4641
In base 2, what is 100000011101101011 - 10001100101?
100000001100000110
In base 11, what is -a - 50085a?
-500869
In base 6, what is 242031 + -2121?
235510
In base 10, what is 8 + 5112291?
5112299
In base 2, what is 0 + 11010110101101010100101001?
11010110101101010100101001
In base 7, what is 154520 - -413?
155233
In base 14, what is c9 + b839c?
b8487
In base 4, what is -203202031321 + -1?
-203202031322
In base 14, what is -5 + -15c3c7?
-15c3cc
In base 4, what is -103122003013311 + 10?
-103122003013301
In base 4, what is 121002103 + -2120?
120333323
In base 13, what is 38 + 9b825c?
9b8297
In base 12, what is 31 - 239b29?
-239ab8
In base 10, what is -131 - 236889?
-237020
In base 15, what is 1b14 - 1b8?
194b
In base 13, what is -2 - 8000ba7?
-8000ba9
In base 3, what is 202120000120221 - -21?
202120000121012
In base 15, what is 1a - 1b855c?
-1b8542
In base 13, what is 44 - -81a424?
81a468
In base 14, what is 44a1b370 + 5?
44a1b375
In base 6, what is 310 - -2300304?
2301014
In base 7, what is -12 + 4144311?
4144266
In base 9, what is 0 + 33702043?
33702043
In base 16, what is 73 - -99ab?
9a1e
In base 14, what is -13c + -3b7b4?
-3b912
In base 2, what is -10110110011100011010001 + -100?
-10110110011100011010101
In base 12, what is 162a151 - -1a?
162a16b
In base 4, what is -131 + 230200323?
230200132
In base 7, what is -4 - -223205202?
223205165
In base 9, what is 2543717 + 5?
2543723
In base 7, what is -12365 - -1106611?
1064213
In base 10, what is 1756 - -117723?
119479
In base 9, what is 2 + 31367563?
31367565
In base 14, what is 12c2b + -129a?
11971
In base 2, what is -1 - -11110110100011011010100001?
11110110100011011010100000
In base 8, what is 1005 + 35131?
36136
In base 10, what is -5 - -3163945?
3163940
In base 12, what is 12282b29 - -1?
12282b2a
In base 6, what is 35111 + 123312?
202423
In base 12, what is 27 + 4624b6?
462521
In base 7, what is -352 + -21253?
-21635
In base 3, what is -20 + -100222111020101?
-100222111020121
In base 13, what is 8b89 - 29a?
88bc
In base 5, what is 14034122 - 44344?
13434223
In base 13, what is -3cb8 + c84a?
8862
In base 11, what is -2a - 21a001?
-21a030
In base 11, what is -50a67 + 13633?
-38434
In base 4, what is 313 + -33302310?
-33301331
In base 13, what is -21 - 96b13?
-96b34
In base 13, what is 101 - -23469?
2356a
In base 10, what is -6783288 - 14?
-6783302
In base 15, what is -1e1a9 - -b10?
-1d599
In base 2, what is 110111101101001 - 1100001100?
110110001011101
In base 11, what is -5 + -712782?
-712787
In base 7, what is -3535 + -103611?
-110446
In base 16, what is 6e + -2c71d?
-2c6af
In base 9, what is 8 + -5873854?
-5873845
In base 6, what is -14342410 - 41?
-14342451
In base 8, what is 2437 + -15455?
-13016
In base 15, what is -777d - -29b?
-74d2
In base 10, what is 18343 + -887?
17456
In base 11, what is -4198974 + 3?
-4198971
In base 15, what is -4d5c + c96?
-40b6
In base 5, what is 213444410042 + 0?
213444410042
In base 16, what is 755 - -9050?
97a5
In base 13, what is -13ba - 4627?
-5a14
In base 7, what is 6 - 12245515?
-12245506
In base 16, what is 88d62 + 7ae?
89510
In base 10, what is -970766 + 1?
-970765
In base 14, what is 28b36232 - 4?
28b3622c
In base 15, what is -4 + -1ba956?
-1ba95a
In base 5, what is -11142421 - -3401?
-11134020
In base 7, what is -20 + -360145506?
-360145526
In base 14, what is -a + -121b958?
-121b964
In base 16, what is -ac + 22e26?
22d7a
In base 7, what is -545064664 - 4?
-545065001
In base 16, what is 0 - 85d88?
-85d88
In base 4, what is -3121 - -12001310232?
12001301111
In base 14, what is -1 + 1bd5db?
1bd5da
In base 15, what is -104c9b1 + 32?
-104c97e
In base 12, what is -9409 - -26742?
19335
In base 10, what is 120995280 + -4?
120995276
In base 6, what is 1 + 3154135213?
3154135214
In base 8, what is -23 + 24177261?
24177236
In base 6, what is 3 + -140531452?
-140531445
In base 9, what is 566480 - -431?
567021
In base 13, what is -30672 + 13b?
-30534
In base 14, what is -337b4 + -4?
-337b8
In base 16, what is -28 + ff67?
ff3f
In base 6, what is -15 + 55541514?
55541455
In base 9, what is -286 + 34876?
34580
In base 14, what is 15d - -24372?
244d1
In base 4, what is -31133021 + 300?
-31132121
In base 3, what is -20211221 - 111210001?
-202121222
In base 9, what is 8216836 + -4?
8216832
In base 12, what is a + -148a598?
-148a58a
In base 10, what is -8 - -1325224?
1325216
In base 4, what is 1103 + 1131200?
1132303
In base 16, what is 0 - -246306?
246306
In base 2, what is -11111010111101 + -101100